Is 595665113 composite?
True
Is 5676766981 a prime number?
False
Is 18292363007 prime?
False
Is 265713887 a composite number?
False
Is 2693419141 prime?
False
Is 89643849493 composite?
True
Is 12926724047 a prime number?
True
Is 59475067387 composite?
False
Is 103278786623 a prime number?
False
Is 773523703 prime?
True
Is 15600583657 a prime number?
True
Is 156129116359 a composite number?
False
Is 393419291 a prime number?
False
Is 1677695731 composite?
False
Is 2678869667 prime?
False
Is 542110567 a prime number?
False
Is 11996271787 a composite number?
False
Is 126552931 composite?
True
Is 1289854499 a prime number?
True
Is 188815729 a composite number?
True
Is 26457070151 a prime number?
True
Is 517504051 composite?
False
Is 1497469133 a composite number?
False
Is 2607697249 composite?
False
Is 5149080511 prime?
True
Is 3948679337 prime?
False
Is 603476077 prime?
True
Is 153894175247 a composite number?
False
Is 23057683381 a composite number?
True
Is 10307029363 composite?
False
Is 6710616391 prime?
False
Is 10450666 composite?
True
Is 4871979511 prime?
False
Is 1689510179 composite?
True
Is 29941242239 prime?
False
Is 3227661553 composite?
True
Is 15312752921 prime?
True
Is 5105107 a prime number?
False
Is 31113056129 prime?
False
Is 9222075383 composite?
False
Is 1402064239 prime?
False
Is 842440859 composite?
True
Is 192586487 a composite number?
True
Is 782596793 prime?
False
Is 1423072373 a composite number?
False
Is 5289340307 prime?
True
Is 5729854343 composite?
True
Is 1096012987 a composite number?
False
Is 5693005079 composite?
True
Is 39475201891 a composite number?
False
Is 22320415799 a composite number?
True
Is 4473040613 composite?
True
Is 56805341 prime?
False
Is 84834241 a prime number?
False
Is 172696781 a prime number?
True
Is 55802290199 a composite number?
False
Is 107268702791 a prime number?
True
Is 384135233 a composite number?
False
Is 1612398481 composite?
False
Is 234147833 prime?
True
Is 5399800271 a composite number?
False
Is 2395306807 a composite number?
True
Is 1697501443 prime?
False
Is 116842742243 a composite number?
False
Is 96962609449 a prime number?
True
Is 775842557 prime?
False
Is 131789849 a composite number?
False
Is 1313331829 a composite number?
False
Is 511661797 a composite number?
False
Is 99255008857 composite?
False
Is 3749195951 a composite number?
True
Is 2579636071 a prime number?
False
Is 2450619889 a composite number?
False
Is 7194739505 prime?
False
Is 82580749 prime?
True
Is 6070916477 prime?
True
Is 3377530699 composite?
False
Is 73922099861 a prime number?
False
Is 2143908413 a prime number?
True
Is 3288153643 composite?
True
Is 9950100331 prime?
True
Is 156041441 prime?
True
Is 7344923213 a prime number?
False
Is 2334060809 prime?
True
Is 112134998917 composite?
False
Is 9013433291 a prime number?
True
Is 129018259 a composite number?
False
Is 2027813 a prime number?
False
Is 15012912517 prime?
False
Is 391398881 a prime number?
False
Is 45011225569 a composite number?
True
Is 336600571 prime?
False
Is 17187844195 prime?
False
Is 1290468769 prime?
False
Is 3154722479 a prime number?
True
Is 2581328285 prime?
False
Is 285572767 composite?
False
Is 4543995641 composite?
True
Is 26682977 a composite number?
False
Is 2854677233 prime?
True
Is 806578931 composite?
True
Is 514418953 prime?
False
Is 15754822459 a prime number?
True
Is 3190763437 composite?
True
Is 883020731 a prime number?
False
Is 201826939 composite?
True
Is 15156065381 composite?
False
Is 510098557 prime?
False
Is 2399212115 a prime number?
False
Is 3159981771 composite?
True
Is 7643503079 a composite number?
False
Is 79841532847 a prime number?
False
Is 1854280111 a composite number?
False
Is 6911824151 prime?
False
Is 379049707 a composite number?
False
Is 41942299 a prime number?
False
Is 6483661393 composite?
True
Is 171303468233 a composite number?
False
Is 11363593667 a prime number?
False
Is 3166785077 composite?
False
Is 118561115 a composite number?
True
Is 27252277259 composite?
True
Is 6264194299 a prime number?
False
Is 87529450483 a prime number?
True
Is 95871967001 prime?
False
Is 5923569061 composite?
False
Is 9184349033 a prime number?
False
Is 45589302973 composite?
False
Is 382036129 prime?
True
Is 320751601 prime?
False
Is 2755966243 composite?
False
Is 7505813687 composite?
True
Is 3987809041 a prime number?
False
Is 3555414883 prime?
False
Is 392523739 a composite number?
False
Is 23736290957 prime?
True
Is 7358799551 a composite number?
False
Is 53677428353 prime?
False
Is 6375582247 a prime number?
True
Is 34418184833 a prime number?
True
Is 831567589 a composite number?
False
Is 3226166673 a prime number?
False
Is 2119906994 a prime number?
False
Is 522066679 a composite number?
False
Is 28892203 prime?
True
Is 199948657 prime?
True
Is 396154799 a prime number?
True
Is 174426523 composite?
True
Is 10568304757 a prime number?
False
Is 1113815249 a composite number?
True
Is 54214307 prime?
False
Is 242999631827 prime?
True
Is 12106554617 a prime number?
True
Is 8012187247 composite?
True
Is 2475458759 prime?
False
Is 1228725397 a prime number?
True
Is 6434384321 prime?
True
Is 3045834559 a composite number?
True
Is 1927772573 prime?
True
Is 10604240857 prime?
False
Is 432296941 composite?
True
Is 59795593159 a prime number?
False
Is 13827915251 a prime number?
True
Is 996345641 composite?
False
Is 7324868209 composite?
False
Is 6088833563 a prime number?
False
Is 75060358 a composite number?
True
Is 10061523917 prime?
True
Is 18852861731 a prime number?
False
Is 54328577159 a composite number?
False
Is 225309443 prime?
False
Is 937939889 prime?
False
Is 4215268567 a composite number?
False
Is 631486967 a prime number?
False
Is 12416813161 a composite number?
True
Is 1664315243 prime?
True
Is 12494587537 composite?
False
Is 2363873053 composite?
True
Is 745752517 a composite number?
False
Is 7915114787 prime?
True
Is 22230149 a prime number?
True
Is 351318689 a composite number?
True
Is 25272623 a prime number?
False
Is 129135745 prime?
False
Is 4548543379 a composite number?
False
Is 278204229899 a prime number?
True
Is 930886571 prime?
True
Is 40615747823 prime?
False
Is 757841051 a composite number?
True
Is 56551761631 prime?
True
Is 27727913 prime?
True
Is 9855286451 a composite number?
True
Is 254585791 a composite number?
True
Is 19425463633 a composite number?
False
Is 11183809427 a prime number?
False
Is 13028896919 composite?
False
Is 4486150469 a composite number?
False
Is 111746901121 composite?
False
Is 288566329 prime?
True
Is 390755909 a prime number?
False
Is 12682876001 a prime number?
True
Is 30564435029 a composite number?
False
Is 2277351539 a composite number?
True
Is 1947843727 a prime number?
False
Is 35870395139 a prime number?
False
Is 4746873367 a composite number?
False
Is 1315909877 prime?
True
Is 1850547005 composite?
True
Is 49013281333 composite?
False
Is 1499769421 prime?
True
Is 22592047447 a prime number?
True
Is 17090062999 prime?
True
Is 583311143 a prime number?
True
Is 32356071082 a composite number?
True
Is 22187073611 a composite number?
False
Is 2178254443 a prime number?
False
Is 4134412273 prime?
True
Is 71803290891 composite?
True
Is 8220099653 prime?
True
Is 11260173781 composite?
False
Is 777481297 a composite number?
False
Is 35346159203 composite?
False
Is 3756969217 a prime number?
False
Is 5634349951 prime?
False
Is 4032686661 prime?
False
Is 18351535801 prime?
False
Is 109426469 composite?
False
Is 15541275401 a prime number?
True
Is 180474647 a composite number?
False
Is 331529777 composite?
False
Is 897867199 a prime number?
True
Is 1594829057 a prime number?
True
Is 4222318739 composite?
False
Is 28133808697 prime?
True
Is 3236714393 composite?
True
Is 84377453 a composite number?
False
Is 2747382059 composite?
True
Is 11870878321 a prime number?
False
Is 3943057103 prime?
False
Is 2547918353 composite?
False
Is 23660089129 a prime number?
True
Is 17500793 composite?
True
Is 929635069 a prime number?
False
Is 8316476626 prime?
False
Is 339369323 a composite number?
False
Is 107002373317 a composite number?
True
Is 57057970223 composite?
False
Is 289745983 a prime number?
True
Is 103191791 composite?
False
Is 5178867 a prime number?
False
I